r when 456510 is divided by 5.
0
Calculate the remainder when 2989695 is divided by 494.
7
Calculate the remainder when 27650413 is divided by 9216803.
4
What is the remainder when 13680623 is divided by 690?
683
What is the remainder when 17102 is divided by 15159?
1943
What is the remainder when 57697728 is divided by 8242527?
39
What is the remainder when 229438 is divided by 1725?
13
What is the remainder when 7235552 is divided by 2665?
77
Calculate the remainder when 9501013 is divided by 4750500.
13
Calculate the remainder when 991038 is divided by 998.
24
Calculate the remainder when 393756 is divided by 98395.
176
Calculate the remainder when 76895117 is divided by 23.
22
What is the remainder when 1389017 is divided by 73?
46
What is the remainder when 440352 is divided by 6032?
16
What is the remainder when 23092138 is divided by 1027?
43
What is the remainder when 674893 is divided by 3811?
346
What is the remainder when 1275641 is divided by 425204?
29
Calculate the remainder when 172780 is divided by 57488.
316
Calculate the remainder when 6373275 is divided by 26.
25
What is the remainder when 7055656 is divided by 1948?
0
Calculate the remainder when 6316579 is divided by 23.
20
What is the remainder when 92021 is divided by 28315?
7076
Calculate the remainder when 547408 is divided by 6758.
10
What is the remainder when 4092013 is divided by 2045885?
243
What is the remainder when 3155701 is divided by 1?
0
Calculate the remainder when 3131338 is divided by 521889.
4
What is the remainder when 6222659 is divided by 188563?
80
Calculate the remainder when 13710045 is divided by 5864.
13
Calculate the remainder when 145624118 is divided by 1370.
1338
Calculate the remainder when 5707118 is divided by 5038.
4102
What is the remainder when 1632986 is divided by 125?
111
Calculate the remainder when 20939806 is divided by 5234950.
6
Calculate the remainder when 135890 is divided by 67838.
214
What is the remainder when 821302 is divided by 67?
16
What is the remainder when 1811423 is divided by 603800?
23
Calculate the remainder when 21600212 is divided by 8185.
8182
What is the remainder when 4775798 is divided by 2387882?
34
Calculate the remainder when 43101 is divided by 2157.
2118
Calculate the remainder when 52570168 is divided by 3210.
3208
Calculate the remainder when 42301597 is divided by 2.
1
Calculate the remainder when 18689 is divided by 9180.
329
What is the remainder when 321391 is divided by 107128?
7
Calculate the remainder when 114067 is divided by 1679.
1574
What is the remainder when 40226 is divided by 270?
266
What is the remainder when 444091429 is divided by 2426?
2425
What is the remainder when 50910305 is divided by 58?
51
Calculate the remainder when 86080658 is divided by 487.
486
What is the remainder when 1421325 is divided by 355328?
13
Calculate the remainder when 2563042 is divided by 13929.
106
Calculate the remainder when 70288984 is divided by 257.
255
Calculate the remainder when 6062903 is divided by 64.
55
Calculate the remainder when 1604026 is divided by 1140.
46
Calculate the remainder when 28076792 is divided by 93.
92
What is the remainder when 91965199 is divided by 58?
51
What is the remainder when 66761 is divided by 22237?
50
Calculate the remainder when 1382871 is divided by 153648.
39
What is the remainder when 1452229 is divided by 226?
179
What is the remainder when 1373099 is divided by 429?
299
Calculate the remainder when 465746 is divided by 7391.
113
What is the remainder when 8645 is divided by 659?
78
Calculate the remainder when 138512 is divided by 190.
2
Calculate the remainder when 10409181 is divided by 376.
373
Calculate the remainder when 11292556 is divided by 80.
76
Calculate the remainder when 444253 is divided by 733.
55
Calculate the remainder when 803620 is divided by 803111.
509
Calculate the remainder when 73255570 is divided by 13.
11
What is the remainder when 2617822 is divided by 6965?
5947
What is the remainder when 215416 is divided by 2460?
1396
Calculate the remainder when 71161 is divided by 1401.
1111
What is the remainder when 27300965 is divided by 154?
153
What is the remainder when 3192323 is divided by 2634?
2549
What is the remainder when 1124614653 is divided by 528?
525
Calculate the remainder when 7705278 is divided by 657.
639
What is the remainder when 4436197 is divided by 1298?
931
Calculate the remainder when 207290379 is divided by 95.
94
Calculate the remainder when 2893320 is divided by 964436.
12
Calculate the remainder when 13123 is divided by 1857.
124
Calculate the remainder when 5221 is divided by 4696.
525
Calculate the remainder when 439372 is divided by 7.
3
What is the remainder when 249609630 is divided by 8?
6
What is the remainder when 63716 is divided by 15924?
20
What is the remainder when 5883233 is divided by 367682?
321
Calculate the remainder when 51538 is divided by 6349.
746
What is the remainder when 3375 is divided by 839?
19
Calculate the remainder when 152845 is divided by 30396.
865
Calculate the remainder when 16806346 is divided by 18.
16
Calculate the remainder when 4360683 is divided by 7.
5
Calculate the remainder when 671324 is divided by 671293.
31
What is the remainder when 57582 is divided by 1858?
1842
Calculate the remainder when 113541 is divided by 143.
142
What is the remainder when 486927 is divided by 587?
304
Calculate the remainder when 276811 is divided by 6920.
11
Calculate the remainder when 1752751 is divided by 124.
11
Calculate the remainder when 1412124 is divided by 16612.
104
What is the remainder when 976885 is divided by 53?
42
What is the remainder when 874288 is divided by 120?
88
Calculate the remainder when 5021 is divided by 2999.
2022
Calculate the remainder when 4678171 is divided by 254.
253
Calculate the remainder when 340898 is divided by 1072.
2
What is the remainder when 21431212 is divided by 812?
96
Calculate the remainder when 3138488 is divided by 729.
143
What is the remainder when 12227 is divided by 5805?
617
What is the remainder when 401623 is divided by 1103?
131
What is the remainder when 328096 is divided by 4099?
176
Calculate the remainder when 40488590 is divided by 4853.
11
Calculate the remainder when 3848 is divided by 413.
131
Calculate the remainder when 1202270 is divided by 1089.
14
What is the remainder when 2873991 is divided by 1437?
1428
Calculate the remainder when 63785 is divided by 15889.
229
Calculate the remainder when 41430601 is divided by 1501.
1500
Calculate the remainder when 116832 is divided by 540.
192
What is the remainder when 837989 is divided by 404?
93
What is the remainder when 364780 is divided by 3833?
645
What is the remainder when 345545 is divided by 69089?
100
What is the remainder when 7341583 is divided by 912?
895
What is the remainder when 3252371 is divided by 441?
437
Calculate the remainder when 648580 is divided by 274.
22
Calculate the remainder when 1537088 is divided by 85391.
50
What is the remainder when 586886 is divided by 195615?
41
What is the remainder when 4213327 is divided by 153?
13
Calculate the remainder when 465294 is divided by 184.
142
What is the remainder when 1362278 is divided by 28377?
182
Calculate the remainder when 12989416 is divided by 241.
239
What is the remainder when 2709909 is divided by 1212?
1089
Calculate the remainder when 1496163 is divided by 374036.
19
What is the remainder when 37805925 is divided by 24?
21
What is the remainder when 718253 is divided by 2164?
1969
What is the remainder when 2381558 is divided by 112?
102
Calculate the remainder when 4657327 is divided by 310486.
37
What is the remainder when 15755036 is divided by 7877513?
10
What is the remainder when 5714677 is divided by 703?
693
What is the remainder when 5613677 is divided by 164?
121
Calculate the remainder when 177955 is divided by 835.
100
What is the remainder when 1970960 is divided by 1938?
14
What is the remainder when 308394 is divided by 972?
270
Calculate the remainder when 169592 is divided by 306.
68
What is the remainder when 13721428 is divided by 2092?
0
Calculate the remainder when 2136429 is divided by 3017.
393
What is the remainder when 240067 is divided by 9?
1
What is 